of a(-1)?
2, 3
List the prime factors of 5/((-15)/8)*1014/(-8).
2, 13
Let b = 10 - 16. Let i be (-6)/4*8/b. Suppose 0 = -5*p + i*p + 24. What are the prime factors of p?
2
Let x(f) = -f - 4. Let j be x(-3). List the prime factors of 10/(-5) + 8 + j.
5
Let q(m) = m**3 + 7*m**2 - 11*m - 20. Let z be q(-8). Let f(n) = n**2 - 2*n - 2. List the prime factors of f(z).
2, 3
Suppose -11 = -5*p + 4*i, -5*p + 3*i = -0 - 7. Let d = p - 4. Let j = 12 + d. What are the prime factors of j?
7
List the prime factors of 2 - (-234)/(2 + 1).
2, 5
Let o = 673 - 416. What are the prime factors of o?
257
Let d be 2/(-5)*10/2. Let y = 0 + d. What are the prime factors of 0 + -1*14/y?
7
Suppose -2*h + u + 4 = -0*h, 5*h = 5*u. Suppose p - 15 = -5*q, -p - h*p + 45 = -5*q. Suppose -x - 3 = -p. List the prime factors of x.
7
Suppose -4*r + 3*r + 11 = m, -m = 3*r - 1. Suppose -2*n + 168 = 4*v + v, -4*n + m = 0. What are the prime factors of v?
2
Suppose -2*j = -6*j + 20. Suppose -3*c = -7*c. Let n = j - c. List the prime factors of n.
5
Suppose -3*f + 5*f = 10, 0 = 3*u + 5*f - 34. Suppose 58 = 2*t + h - 4*h, 3*t + u*h - 87 = 0. What are the prime factors of t?
29
What are the prime factors of 0 - -1 - (-2 - (98 - 2))?
3, 11
Let l = 12 - 7. Suppose -61 = -l*h + 24. What are the prime factors of h?
17
Suppose 0 = -2*m + 45 - 1. What are the prime factors of m?
2, 11
Suppose -2*v = w - 57, w + 15 = v - 3*w. List the prime factors of v.
3
Let k(w) = w - 3. Let u be k(5). Suppose n - 4 - 10 = 0. Suppose u*b + 3 = -s, -s + 2*b - 5 = -n. What are the prime factors of s?
3
Let t(l) = -15*l + 25. List the prime factors of t(-8).
5, 29
Suppose 0 = -2*r + 6, 3*h - 251 = h + 5*r. List the prime factors of h.
7, 19
Let n(o) = o**2 - 9*o + 9. Let y be n(8). Let f be y/(-1) + -2 + -6. List the prime factors of (-2)/4*(-3 + f).
2, 3
Let k = -1 + 4. Let u(a) = a**2 + 3*a + 4. What are the prime factors of u(k)?
2, 11
Let p be 22/6 + 1/3. Suppose -p*y = y - 80. List the prime factors of y.
2
Suppose -9*r = -6*r - 129. What are the prime factors of r?
43
Let d(k) = 6*k**2 + k - 4. Let i be d(-3). Let r = 77 - i. Suppose b - r = -2*b. What are the prime factors of b?
2, 5
Suppose 31 = 5*i + 6. Suppose 3*d + 2*s - 16 = 0, -5*d = -3*d + i*s + 4. List the prime factors of d.
2
Let m(v) be the second derivative of 4*v**5/15 + 3*v**2/2 + 3*v. Let t(b) be the first derivative of m(b). List the prime factors of t(-1).
2
Suppose 4*h = -4*s + s + 18, 0 = 4*s + 4*h - 20. Suppose -2*t = -2*j + 3*j - 24, 0 = -3*j - s*t + 80. List the prime factors of j.
2, 7
List the prime factors of -8*(-14)/(-24)*-3.
2, 7
Let i = -16 - -25. List the prime factors of i - 0 - 14/7.
7
Suppose -3*p - 8 = -t, -7*t + 4*p = -3*t. Let f be (-3)/(-2)*(t - -2). List the prime factors of 1/f - (-256)/12.
3, 7
Suppose -4*a - 168 = -4*x, 3*a - 156 = -4*x + 4*a. List the prime factors of x.
2, 19
Let x = 3 + -5. Let p be 6 + x + (0 - 0). Suppose 0 = p*h - 17 - 7. List the prime factors of h.
2, 3
Let g = 4 + -2. Let u = 42 + g. List the prime factors of u.
2, 11
Let r = -116 + 53. Let j = -43 - r. List the prime factors of j.
2, 5
What are the prime factors of 6/4*(-5 - -89)?
2, 3, 7
Suppose 4*a - 120 = -0*a. Let w = 10 + a. What are the prime factors of w?
2, 5
Let k be ((-40)/12)/(2/(-3)). Let i(y) = -y + 11. Let x be i(k). Suppose x*r = r + 45. List the prime factors of r.
3
Suppose -116 = -9*m + 5*m. What are the prime factors of m?
29
Let z be (-4 - 0) + 3 + 46. Suppose 4*n = -n + z. List the prime factors of n.
3
Suppose -15 = 4*h - 55. What are the prime factors of h?
2, 5
Let k = -7 + 11. Suppose -3*b + 0*b - 5*z + 40 = 0, -25 = -k*b - z. Suppose 5*y + b = 0, -3*f + f + y = -15. What are the prime factors of f?
7
Let l = -3 - -10. Let j(k) = -k**3 + 8*k**2 - 3*k - 7. List the prime factors of j(l).
3, 7
Suppose 2*o - 3*b + 1 = 4, -b = -3*o + 15. List the prime factors of ((-68)/o)/((-18)/27).
17
Suppose 2*j = 0, 2*x - 4*j - 23 = x. Suppose -3*w - x + 8 = 0. Let c = 2 - w. List the prime factors of c.
7
Let p = 113 + -42. What are the prime factors of p?
71
Let x(w) = w**2 + 7*w + 6. Let i be x(-7). Let k = i + -5. Let c = k - -16. List the prime factors of c.
17
Suppose 3*p = -p + 120. Suppose 3*r + 6 = 4*r. Suppose r*q = q + p. What are the prime factors of q?
2, 3
Let a(z) = -z**2 - 8*z + 13. Let h be a(-9). Let c(u) = u**3 - 4*u**2 + 2*u + 3. List the prime factors of c(h).
11
Let y = 90 + 17. List the prime factors of y.
107
Suppose v + 3*g + 20 = 0, g + 0*g + 20 = -3*v. Let c(y) = -y**3 + 9*y**2 - 9*y. Let k be c(8). Let q = v - k. List the prime factors of q.
3
Suppose 2*v + 3*v - 5 = -5*y, 2*y + 3*v + 2 = 0. Suppose 5*m = 4*m + y. Let b = 7 - m. List the prime factors of b.
2
Let h(r) = -r**3 - 6*r**2 + 8*r - 4. Let b(c) = -5*c**3 - 24*c**2 + 32*c - 16. Let y(a) = -2*b(a) + 9*h(a). List the prime factors of y(5).
11
Let h(o) = -o**3 - 6*o**2 - 6*o - 1. Let q be h(-5). Let x = q + -3. Let a = 3 - x. List the prime factors of a.
2
Let l(u) be the second derivative of -2*u**3/3 - 4*u**2 - 2*u. Let g be l(-7). Suppose 0 = -4*r + g + 24. What are the prime factors of r?
11
Let w(r) = 9*r**2 + 14 + 3*r - 8*r**2 + 6*r. Let k be w(-10). Suppose 2*c - 14 = 3*i, 0 = -3*c + i + 2*i + k. What are the prime factors of c?
2, 5
Let g(s) = 8*s - 17. What are the prime factors of g(9)?
5, 11
Let d = -6 + -2. Let z = d + 0. Let v = z - -14. List the prime factors of v.
2, 3
Suppose 0*z = 2*z - 300. What are the prime factors of z?
2, 3, 5
Let k(o) = -4*o + 9. List the prime factors of k(-8).
41
Let r be -6*(-3 + 2)*-2. Let j = -9 - r. Let x(v) = v**3 - 3*v**2 + 2*v - 1. List the prime factors of x(j).
5
Let w(x) = -x**3 - 12*x**2 - 11*x + 5. Let j be w(-11). Suppose 0 - 90 = -j*m. List the prime factors of m.
2, 3
Let u(g) = 2*g. Let x be u(-2). Let p = 8 + x. What are the prime factors of p?
2
Let t = 6 + 9. Let g = -11 + t. Suppose -4*v + 6*v = -g*j + 46, -3*j - v + 35 = 0. List the prime factors of j.
2, 3
Let r(j) = 7*j - 1. Let c be r(4). Suppose -x - 6 = -3*x. Suppose 9 = x*z - c. List the prime factors of z.
2, 3
Let r(f) = f**3 - 7*f**2 + 6*f + 6. Let w be (-26)/(-4) + 3/(-6). Let l be r(w). Let n = l + 6. What are the prime factors of n?
2, 3
Let o be -11 + (0 + 3)/3. Let g = -8 - o. What are the prime factors of (g/(-5))/(1/(-10))?
2
Suppose 0 = y - 4*y + 6. Suppose 4*v + 8 = 0, -4*r + 3*r + 3*v = -y. Let q = r + 7. List the prime factors of q.
3
Let g(f) = f**2 + 9*f + 4. Let i be g(-8). Let m(h) = -h**3 - 3*h**2 - 2*h - 6. What are the prime factors of m(i)?
2, 3
Suppose 2*l - 35 = -3. List the prime factors of l.
2
Let h be (2/2)/(-3 - -2). Let g = 16 - 116. What are the prime factors of h/(-3 - g/34)?
17
Let k(x) = x**3 - x**2 + x. Suppose 0 = p + 2*d - 5 - 4, 3 = -5*p + 2*d. Let s be k(p). What are the prime factors of (-3 - -2)/(s/(-9))?
3
Let f be 295/(-10) + 9/6. Let k = f + 55. List the prime factors of k.
3
Let l be 2/(-10) + 662/10. Suppose 3*p = 5*z - l, -4*z = z + 2*p - 56. List the prime factors of z.
2, 3
Suppose 0*c = -2*c + 2. Let f = 6 - c. What are the prime factors of f?
5
Suppose -3*y = -4*o - 110, -o + 113 = 3*y - 2*o. List the prime factors of y.
2, 19
Let p = 12 + -7. Suppose -p*k + 0*k = -10. List the prime factors of k.
2
Let j = 8 + -4. Let f(o) = 3*o + 2. List the prime factors of f(j).
2, 7
Suppose 20 = 3*k + k. Suppose -19 = k*f + 1, 4*f - 4 = -5*o. Suppose -o*n = -0*n - 12. What are the prime factors of n?
3
Let x(u) = -u**3 + 6*u**2 - 2. Let i be x(6). Let f = i + 2. Suppose f = a + 4*m + 13, -4*a + 2*m + 20 = -0*m. What are the prime factors of a?
3
Suppose 367 = 5*s + 2*m, 62 - 342 = -4*s - 5*m. Suppose 0*r - 2*r - 2*w + 18 = 0, -5*w = -5*r + s. What are the prime factors of r?
2, 3
Suppose -5*u - 98 = -4*w + 45, -4*u - 115 = -3*w. Suppose o = -4*q - o - 76, 0 = 3*q + 3*o + 60. Let j = q - u. List the prime factors of j.
13
Let t(w) = 7*w - 7*w + 9*w. List the prime factors of t(1).
3
Let y(i) = 3*i - 14. What are the prime factors of y(7)?
7
Suppose 0 = a - 2*a - 3*g + 153, 0 = -a + 4*g + 125. What are the prime factors of a?
3, 47
Let m be 1/2 - (-3)/(-6). Suppose m*i + 2*i = -12. Let b(p) = -p**3 - 5*p**2 + 5*p + 1. List the prime factors of b(i).
7
Let h = -94 - -139. What are the p